 + 76. Is m a prime number?
True
Let p be ((-398)/(-6))/((-2)/(-24)). Suppose 4*z + 0*z = -8*z. Suppose z = 4*s - 1464 - p. Is s a composite number?
True
Is 5/6 + 5/((-180)/(-1128822)) composite?
False
Suppose -5*u - 4 + 1 = 4*s, 5 = -3*s - u. Is s*(-37289)/(-28)*-2 a prime number?
False
Let d(w) be the third derivative of -3*w**6/10 + 29*w**4/24 + 49*w**3/2 - 3*w**2 + 9. Is d(-8) composite?
True
Let t(l) = -76*l**3 - 5 + 4*l + 0 + 123*l**3 + 7 - 4*l**2. Is t(3) a prime number?
False
Let p be -152*(11 - (2 - -1)). Let c = -657 - p. Is c a composite number?
True
Let o be 11/22 - (-118)/4. Suppose -4*s - 6 = -o. Suppose 0 = -s*f + 1090 + 32. Is f a prime number?
False
Suppose 7*p - 20 = -3*p. Suppose -50 = p*w + 3*o, 2*w - 3*o = -4*o - 46. Let q(v) = -v**3 - 22*v**2 - 8*v + 45. Is q(w) a prime number?
False
Let b(g) = -103*g - 8. Let p(k) = 4*k - 17. Suppose 4 = -6*h + 7*h. Let y be p(h). Is b(y) prime?
False
Is (-139584)/(-21) + 12/28*-2 a prime number?
False
Let a(b) = -133 - 30*b**2 + 12*b + b**3 - 2*b**3 + 18*b + 2*b**3. Is a(30) composite?
True
Let w(o) = 142*o**2 + 2*o + 1. Let p be w(2). Let y = -2575 + 4031. Let f = y + p. Is f a composite number?
False
Let d be (-13)/(-39) + 749776/6. Suppose -2*l = -5*y - 34638 - 27849, -4*l - y = -d. Is l prime?
False
Let c = 1140805 + -795192. Is c a prime number?
False
Suppose -7*a + 10*a = -153. Let r = 61 + a. Suppose -6*l - 2732 = -r*l. Is l a composite number?
False
Suppose 3019 = i - t, 3*t + 6033 = 5*i - 3*i. Let b = -1369 + i. Is b a prime number?
False
Suppose -17 - 7 = 3*x. Let o(h) = -7*h**2 + 13*h + 19. Let v(z) = -21*z**2 + 42*z + 58. Let y(j) = -7*o(j) + 2*v(j). Is y(x) prime?
True
Suppose -192 + 117 = -15*a. Suppose 3*f + 5*u = 43069, -21*f + a*u - 57422 = -25*f. Is f prime?
False
Let u = -9873 + 28996. Is u prime?
False
Suppose -p = -3*i + 13, -4*i + 2*i = -p - 9. Is 391662/72*i*(0 + 1) prime?
False
Is ((-108)/(-72)*9722/(-3))/(-1) composite?
False
Suppose 4*r = 971 + 189. Let d = -715 + 718. Suppose -r = d*z - 1103. Is z prime?
True
Is (416/68 - 6) + 977530/34 composite?
False
Let v = -3 + 3. Suppose v = -33*y + 37*y - 636. Is y a prime number?
False
Let l(d) = d**3 - 22*d**2 + 23*d - 33. Let k be l(21). Suppose 9336 = k*v - 1707. Is v composite?
True
Let x(o) = 9*o**2 + 195*o + 103. Is x(-27) prime?
True
Suppose 5*d + s = -45 + 220, -2*s - 10 = 0. Let y be ((-1647)/12)/((-3)/d*3). Let h = 1162 - y. Is h prime?
True
Suppose -2*i - 3*y - 145 = 0, -4*i - 2*y - 116 - 178 = 0. Let x = -72 - i. Is (-123)/(x - (9/(-3) - -6)) composite?
True
Let s(d) = -d**3 - 17*d**2 - 14*d + 16. Let m be s(-16). Let k be (m/64)/((1/4)/(-1)). Is (k/(-2))/((-4)/(26832/6)) composite?
True
Let k(s) = -s**3 + 83*s**2 + 94*s + 65. Is k(71) a prime number?
True
Let m(y) = 146*y**2 - 11*y + 25. Let q(p) = -p**3 + 18*p**2 + 21*p - 36. Let d be q(19). Is m(d) a prime number?
True
Suppose 9*d - 11 = -5*o + 13*d, o - 2*d = 7. Is 6/(-4)*(-3188)/(-6)*o composite?
False
Suppose 4*k - 8 = 0, 2*k = -8*c + 7*c + 6. Suppose 4*v = 3*f - 6*f + 39952, c*v - 3*f - 19994 = 0. Is v composite?
True
Is 280197 + (-4 - (-14 + 24)) prime?
True
Suppose -8*z = -11*z - 118050. Let v be 1/(-2) - z/20. Suppose 0 = 10*y - v - 963. Is y composite?
False
Suppose 2*r = -r. Let q be (-3 + -2 + 1)/(r + -2). Suppose -q*c = 2*u - 980, 5*c - c - 505 = -u. Is u composite?
True
Let d be 6 - ((-3)/2)/(11/(-22)). Suppose -5511 = -d*m - 2*r, -9*m + 13*m - 3*r - 7331 = 0. Is m a prime number?
False
Suppose 73*z - 15140 = 69*z. Suppose 775 = i + 4*y, -2*y - 156 = -5*i + z. Is i a prime number?
True
Is 8 + ((-2144016)/(-4))/4 + 0 prime?
False
Let m = -1182 - -150. Let g = 1778 + m. Is g prime?
False
Let f = 15284 + -24776. Let i = 1696 - f. Suppose -3*u - x = -34797, -2*x - i = -2*u + 12010. Is u a composite number?
True
Suppose -288*g + 65*g = -39658097. Is g prime?
True
Let u be (-3 - 0)/(-3) - 0/2. Suppose 0 = -8*p + 7*p - u. Is p - (-1174 - 8/(-4)) a prime number?
True
Let u be (-121)/((-3)/(-645)*5). Let v = -3000 - u. Is v a composite number?
False
Let b(c) = 6949*c + 1776. Is b(7) a composite number?
True
Let u = 3948 - 1186. Suppose 4*s - 8 = 4*r, 5*r - 17 + 2 = 0. Let y = u + s. Is y prime?
True
Suppose 0 = -16*p + 26572 + 15284. Let s = p - -545. Is s prime?
False
Let t = -1792 + 2660. Let j = 505 + t. Is j a prime number?
True
Suppose 0 = -6*a + 5*a + 38. Let v = -40 + a. Is (-799)/((-3)/(-3) + v - 0) a prime number?
False
Suppose -i = 2*m - 88217, -9 = -48*m + 45*m. Is i a prime number?
True
Let b be (-70257)/(-1) + -15*(-6)/30. Suppose -b = -20*m + 11960. Is m composite?
False
Let g be (15/10 + -3)/(21/(-322)). Suppose -g*a - 4*t = -24*a + 4365, t = a - 4377. Is a a prime number?
False
Let p = 441 + -509. Is (-57902)/p - (-2)/(-4) prime?
False
Suppose 3*r = 3, -5*x = 3*r - 5 - 8. Suppose -10*u + 32 = -x*u. Suppose -2346 = -2*z - u*z. Is z composite?
True
Let o(c) be the first derivative of c**3/3 + 5*c**2 - 44*c - 926. Suppose 36 = -2*s + q, -3*q = 3*s - 7*s - 70. Is o(s) composite?
False
Suppose -8*c - 46390 = -432846. Suppose 3*u + 8053 - c = 0. Is u a prime number?
False
Let k = 3824 + 3190. Let p = k + 2731. Is p composite?
True
Let w(h) = h**3 - 38*h**2 - 3*h - 44. Let l be w(39). Is (2154/(-15))/((-32)/l) composite?
True
Is (-29316315)/42*-2*2/(-20)*-2 prime?
True
Let q(u) = -1081*u**2 + 27*u + 20. Let i be q(-5). Let a = -19323 - i. Is a composite?
False
Suppose 1351687 = 3*b - 4*c, b - 529020 = -5*c - 78502. Is b prime?
False
Let l(g) = g**3 + 8*g**2 + 5*g - 41. Suppose -3*w + w + 3*j + 8 = 0, 24 = 4*w - 2*j. Suppose -w*v = -0 - 63. Is l(v) a composite number?
False
Let d = 13 - -5. Suppose 5*b = -d - 12. Let u(s) = -53*s + 5. Is u(b) composite?
True
Let j(a) = 17*a + 44. Let g(s) = 17*s + 44. Let c(u) = 6*g(u) - 7*j(u). Is c(-14) a prime number?
False
Let n(v) = -4*v + 24. Let y be n(6). Suppose 0*z - 7*z = y. Is 1/(-2)*((-2 - z) + -2844) prime?
True
Let c = 56830 + -37221. Suppose 20298 + c = 7*l. Is l composite?
False
Let v be (-4)/2 + (110 - -7). Let m = v - 373. Let t = m + 575. Is t composite?
False
Let u = 141951 - 44442. Is u composite?
True
Suppose 154816 = 10*c + 5586. Is c a prime number?
True
Let d(w) = 5*w**2 + 12*w + 81. Let a(v) = v**2. Let y(g) = 3*a(g) + d(g). Is y(20) composite?
True
Suppose 91*v - 58*v + 154*v - 58373359 = 0. Is v composite?
True
Suppose 53 = -0*v - 2*v - s, 5*v + 128 = 2*s. Let m be (v/39)/(2/12). Is m/(-18) + 89165/153 prime?
False
Let d(a) = 346*a - 80. Let m be d(12). Suppose m = 2*t + p - 22803, 0 = -5*t + 5*p + 67150. Is t a prime number?
False
Suppose 346083 = 9*v + 9870. Is v composite?
False
Suppose -71*i - 4866149 + 7750189 = -15157415. Is i composite?
True
Let t(s) be the first derivative of 677*s**2/2 - 26*s - 4. Suppose 0 = 11*g + g - 60. Is t(g) prime?
True
Let w(s) = 11*s**2 + 10*s + 178. Is w(-11) prime?
True
Suppose h + 4*s + 113 = -2*h, -2*h = -3*s + 81. Let v be (-111)/h + 6/39*1. Suppose -v*d + 8785 = 1096. Is d prime?
False
Let u(z) = 1722*z**3 - 3*z**2 + 4*z + 9. Let y(j) = 1722*j**3 - 4*j**2 + 5*j + 8. Let i(v) = -6*u(v) + 5*y(v). Is i(-3) a composite number?
True
Let d(z) = 12 + 6 - 9*z - 11*z - 5. Is d(-33) prime?
True
Suppose -877*q - 153708 = -889*q. Is q a prime number?
True
Suppose 8*f - 106*f = 20*f - 47497478. Is f a composite number?
True
Suppose 10 = -21*b - 11. Let t(i) = -4280*i + 3. Is t(b) prime?
True
Let x be (-8)/(-6) + (-154)/66. Is x/(-3) + 200450/57 a prime number?
True
Suppose o + 1405 - 6077 = 0. Let p = -2809 + o. Suppose -s - 1109 = -3*j - 3*s, -4*s = -5*j + p. Is j composite?
True
Let h = 389 - 384. Suppose h*d + s - 7394 = -1986, 2*s = -4. Is d a prime number?
False
Suppose 0*h + 17 = -2*a - 5*h, 5*h + 14 = a. Is 711475/75 + a + (-5)/(-3) prime?
False
Suppose -41*x + 5076904 + 8721062 = 3199507. Is x composite?
False
Suppose 0 = -13*a - 129 - 1. Is a - -6343 - (-1 - -3) a prime number?
False
Suppose -20*b - 69 = -23*b. Let h = b + -22. Is ((h - 2)/(-2))/((-3)/(-1266)) prime?
True
Is (-921)/15*(-1 - 0)*(1572 + 13) a composite number?
True
Let m(i) = 4849*i + 8207. Is m(71) a prime number?
False
Let y = -295908 + 539531. Is y prime?
True
Suppose -2*v + 6 = -0*v. Suppose 0 = -v*i - 3 + 9. Is i/(-7) + (1445/35 - 4) a prime number?
True
Let c = -82 + 1.